q + 16 = -3*c - 2*c, 0 = -j*q - 5*c + 32. What is the remainder when 207 is divided by q?
15
Let m = 282 - -23. Calculate the remainder when m is divided by 6.
5
Suppose 95*r + 4320 = 119*r. What is the remainder when r is divided by 27?
18
Calculate the remainder when 1603/2 + -20*6/48 is divided by 100.
99
Suppose 2*q = 2*b - 16, 3*b - 2*q - 46 = -2*b. What is the remainder when (14/4 + -5)/(12/(-328)) + -4 is divided by b?
7
Suppose 2*d - 7 = -0*d - y, 0 = 2*d - 2*y - 4. What is the remainder when (-3)/d - (-3 + (-86 - 1)) is divided by 15?
14
Let t(v) = 5*v + 82. Suppose 0*i = -k + 5*i + 19, -3 = -k - 3*i. Calculate the remainder when 2/(-3) + 321/k is divided by t(-14).
11
Suppose -192*g + 195*g = 15. Calculate the remainder when 13 is divided by g.
3
Suppose 0*a - 3*a = -w + 153, -a - w - 55 = 0. Let l = a - -65. Calculate the remainder when l is divided by (1/3)/(2/42).
6
Let r = 1575 + -1362. What is the remainder when r is divided by 52?
5
Let y(z) = -z**2 + 8*z - 7. Let s = 98 + -69. Calculate the remainder when s is divided by y(5).
5
Suppose 2*h - 2 = h. Let u(w) = -w**2 - 7*w - 6. What is the remainder when (15/h)/((-6)/(-8)) is divided by u(-3)?
4
Suppose -10 = 2*w - 7*w. Suppose -693 = -7*c - w*c. What is the remainder when c is divided by 13?
12
What is the remainder when 57 is divided by (9/(-2) + -2)*-6?
18
Let k = 60 - 51. Let g = 9 - 6. Suppose 2*p - g*p + k = 0. Calculate the remainder when p is divided by 4.
1
Let q = 1002 - 949. Calculate the remainder when q is divided by 29.
24
Suppose -40*x = -18*x - 2420. Calculate the remainder when x is divided by 23.
18
Let m(x) = x**3 - 2*x**2 + x - 2. Let d be m(2). Suppose h + 0 - 9 = d. Calculate the remainder when 35 is divided by h.
8
Suppose 0*v - 2*v = 4*i + 24, 5*i + 27 = -v. Calculate the remainder when 109 is divided by 2 - v - 132/(-4).
35
Suppose -12 = -3*t - 3*o, -2*o = -5*t + 3*o + 40. Suppose 0 = -4*a + 20, -a = -4*f + 585 - 62. What is the remainder when (-4)/(-6)*f/4 is divided by t?
4
Suppose 2 - 8 = -c. Let k = c + -2. Suppose h = 0, -5*l + k*h = -119 - 126. Calculate the remainder when l is divided by 26.
23
Let p = -1049 - -1064. Let i = 137 + -80. Calculate the remainder when i is divided by p.
12
Suppose -3*o - o - 740 = 4*p, 5*o - 531 = 3*p. Let z = p - -255. Let i = 49 - 24. Calculate the remainder when z is divided by i.
23
Let k = -3 + 5. Let q(m) = -m**3 + 2*m**2 + 2. Let b be q(0). Suppose 2*d = 3*d, 0 = -r + d + b. Calculate the remainder when k is divided by r.
0
Let w = -916 + 939. Calculate the remainder when 215 is divided by w.
8
Suppose 0 = -5*n - 9*k + 6*k + 185, 0 = -k. Calculate the remainder when 146 is divided by n.
35
Let a be ((-2)/4)/((-8)/(-128)). Let r be a/3*72/(-16). What is the remainder when 17 is divided by 3 - r/(-3 - 0)?
3
Suppose -4*d + 11 = 3*v - 52, v + d - 21 = 0. What is the remainder when 251 is divided by v?
20
Let y = 1329 - 1286. What is the remainder when 120 is divided by y?
34
Suppose -4*y = -5*d - 47, 37 = 9*y - 6*y - 2*d. Let h(g) = -19*g + 1. What is the remainder when h(-1) is divided by y?
7
What is the remainder when (1 - (-218)/8) + 60/(-240) is divided by 17?
11
Let j(k) = -k**2 + 2*k. Let p be j(2). Suppose p*s - 10 = -5*s. What is the remainder when 33 is divided by 0 - (14/(-1) + s)?
9
What is the remainder when 2152/20 - 2/(-5) is divided by 63?
45
Suppose 69 = 5*n - 541. Calculate the remainder when n is divided by 14.
10
Let p(n) = -5*n**2 + 3*n + 13. Let o(t) = 4*t**2 - 4*t - 13. Let y(h) = -4*o(h) - 3*p(h). What is the remainder when 91 is divided by y(5)?
22
Let q be -3 + 38*2/4. What is the remainder when 28 is divided by (-14 - 1)*(q - 17)?
13
Suppose 2*u + 9*t = 14*t + 234, 4*u - t = 432. What is the remainder when 394 is divided by u?
73
Suppose 54 = 4*x + 5*z - 78, -3*x + 64 = -5*z. Suppose x = 6*p - 68. What is the remainder when 60 is divided by p?
12
Let b(h) = 39*h - 959. Calculate the remainder when b(39) is divided by 47.
45
Let t(w) = -w**3 - 2*w + 5. Let d be t(-5). Suppose -6*m + d = -m. What is the remainder when 49 is divided by m?
21
Suppose 2*z + 2 = -3*z - 3*o, -3*z - 2 = 2*o. Suppose z*p = 16 + 14. What is the remainder when 44 is divided by p?
14
Suppose 24 = -4*x - 0. Calculate the remainder when (-189)/(-15) + x/(-15) is divided by 4.
1
Let h = 616 + -377. What is the remainder when h is divided by 49?
43
Let x(h) = -h + 128. What is the remainder when 133 is divided by x(58)?
63
Calculate the remainder when 311 is divided by (-1)/(4/52 - 2/13).
12
Suppose 40 = 5*m - 3*v, 4*m + m - 40 = -4*v. Let k(z) = -65 - 43 + 30 + 23*z - 15. What is the remainder when k(5) is divided by m?
6
Let c be (-8)/24 - 128/(-6). Suppose 8*f = c + 27. Calculate the remainder when 16 is divided by f.
4
Let l = -95 + 98. Calculate the remainder when l is divided by 3.
0
Let l = -5 + 16. Let k(i) = -82*i - 789. What is the remainder when k(-10) is divided by l?
9
Let r(v) = 267*v + 1367. Let x = 315 + -124. Calculate the remainder when x is divided by r(-5).
31
Suppose 24*s - 2763 = 1101. What is the remainder when s is divided by 34?
25
Let d(c) = c**3 - 8*c**2 + 2*c - 5. Let u be d(8). Suppose -g = -18 - u. What is the remainder when 79 is divided by g?
21
Let r(y) = 5*y**2 - 2*y**2 - 5*y + 83 - 2*y**2 - 73. Calculate the remainder when 13 is divided by r(4).
1
Suppose -43*x = -850 + 205. What is the remainder when 433 is divided by x?
13
Suppose 7*q + 3*q = 670. Suppose 2*f - 23 = 4*h + 3, 12 = 4*f + 2*h. Suppose 3*j - 1 - 84 = -f*w, w - 17 = 2*j. Calculate the remainder when q is divided by w.
16
Suppose 0 = -9*i + 33*i - 888. What is the remainder when 246 is divided by i?
24
Let m = 32 - 29. Calculate the remainder when 179 is divided by 24 - (-2 + 8/6)*m.
23
Let r(g) = -g**3 - 5*g**2 - 3*g - 12. Let j be r(-5). Suppose q = j*q - 16. Calculate the remainder when 38 is divided by q.
6
Suppose -97 = -2*d + 5*x + 19, 4*d = 5*x + 222. Let i be 2*(2 + 12/(-8)). Suppose 4*s - 55 = i. What is the remainder when d is divided by s?
11
Suppose -7*u + 86 + 236 = 0. Let t(k) = -43*k + 2. What is the remainder when t(-2) is divided by u?
42
Let s(l) = -l**3 - 19*l**2 - 93*l - 27. What is the remainder when 107 is divided by s(-11)?
23
Let m be ((-24)/(-30))/(2/60). Suppose 0 = -7*b + m + 67. Let k(z) = 7*z**2 - 2*z + 1. Calculate the remainder when k(2) is divided by b.
12
Suppose 2*d = 6, 3 = 2*j - 2*d + 5. Suppose j*f = -0*f + 88. What is the remainder when f is divided by 1/5 - ((-704)/55 - 10)?
21
Let c(d) = 11*d**2 + 2. What is the remainder when c(2) is divided by (1 + 0)/(127/2032)?
14
Suppose 2*n + 2*c - 3 = 29, -4*c = 0. Suppose l - 26 = -107. Let w = 142 + l. Calculate the remainder when w is divided by n.
13
Suppose 0 = 3*n + n - 12. Suppose n*p + 5*p = 496. What is the remainder when p is divided by 16?
14
Let j(u) = -27*u + 3. Let g = 221 - 169. Calculate the remainder when g is divided by j(-1).
22
Suppose 108*u - 112*u = -44. Calculate the remainder when 11 is divided by u.
0
Let b(p) = 2*p**2 - 7*p - 2. Let h(a) = 5*a**3 - 3*a**2 - 13*a + 34. Calculate the remainder when h(3) is divided by b(5).
12
Suppose 20 = -5*x + 720. Calculate the remainder when 11020/x - (-2)/7 is divided by 16.
15
Let v = 221 + -190. Calculate the remainder when 213 is divided by v.
27
Let c(j) = 4*j + 74. Let a be c(-23). Let i(t) = t**3 + 16*t**2 - 38*t - 25. What is the remainder when 30 is divided by i(a)?
8
Let r = -37 + 52. Let d = -75 - -148. What is the remainder when d is divided by r?
13
Suppose -16*d = -11*d + 255. Let n be (-3)/(99/d + 2). Let g = 74 + n. Calculate the remainder when 43 is divided by g.
20
Let z = 120 + 28. What is the remainder when z is divided by 30?
28
Let t = -377 + 381. Calculate the remainder when 24 is divided by t.
0
Let b = 516 - 441. What is the remainder when b is divided by 8?
3
What is the remainder when 8 is divided by 7 + (-4 - 0) + 1?
0
Suppose -17*m - 10*m + 6102 = 0. What is the remainder when m is divided by 58?
52
Let a = 11 + -58. Let r = a + 157. What is the remainder when r is divided by 37?
36
Suppose -3*u + 5*k = -3, -6 = -4*u + 4*k + 6. What is the remainder when 31 is divided by 19 + (u/(-10))/((-7)/(-35))?
15
Let f be ((-8)/12)/(2/(-87)). Let l = 9 + f. Wh